mmon factor of o and w.
6
Suppose 50 = 4*l - 5*f + 8*f, -3*l = -f - 44. Let y = 0 - -2. Calculate the greatest common divisor of y and l.
2
Suppose 3*s + 5*o - 62 = 0, 6*o - 2*o = -5*s + 86. Let k = 30 - s. What is the highest common divisor of k and 24?
8
Let c(i) = -i + 5. Let s be 6/5*(-15)/(-6). Suppose 2*u - y = -1, 2*u + s*u + 4*y + 35 = 0. Let q be c(u). Calculate the greatest common divisor of 72 and q.
8
Let n be -2*(9 - (-2)/(-2))/2. Let i(q) = -5*q - 32. Let v be i(n). Let m(j) = 3*j**2 - 3*j - 4. Let s be m(5). What is the highest common divisor of v and s?
8
Let h be ((-60)/45)/((-404)/132 + 3). Calculate the highest common divisor of 473 and h.
11
Let k(p) = -4*p - 129 + p**2 + 63 + 69. Suppose -8 = -s + 4*h, h = -s + 2*h + 5. Let u be k(s). Calculate the greatest common factor of 3 and u.
3
Let x(a) = 9*a - 41. Let o be x(6). Let p(h) = -13*h - 13. Let w be p(-9). What is the greatest common factor of w and o?
13
Let j(y) be the first derivative of y**3 + y**2/2 + 4*y - 12. Let w be j(-2). What is the greatest common divisor of w and 21?
7
Let b be (-31)/((2/6)/(78/(-18))). Calculate the highest common divisor of b and 104.
13
Let j be ((-3)/(-2))/(15/30). Let n be 2/j - (-1360)/12. Suppose -2*t + 14 + n = 0. What is the greatest common factor of t and 16?
16
Let d = 250 + -212. Calculate the highest common factor of d and 247.
19
Let w be (-4)/(-6)*(13 + 77). Calculate the highest common divisor of 14 and w.
2
Suppose -52*d - 360 = -48*d. Let x be (-162)/d*50/6. What is the greatest common factor of 75 and x?
15
Suppose 3*p = 0, 4*z + 0*p - 2*p = -36. Let d be (-9054)/(-81) - ((-7)/z - 1). Calculate the highest common factor of 168 and d.
56
Suppose 63*r = 56*r - 49. Let v(o) = o**3 + 8*o**2 + 15. Let d be v(r). What is the greatest common factor of 256 and d?
64
Suppose -32 = 5*h + 3*j - 2*j, 0 = h - 4*j - 2. Let l be (h/(-4))/((-3)/(-44)). Let s = -12 - -14. What is the greatest common divisor of l and s?
2
Suppose 6*t - 2*t + 312 = -5*d, -2*d + 138 = -2*t. Let k = t + 157. What is the greatest common divisor of 42 and k?
42
Let x(u) = 6*u**2 + 3*u. Let y be x(-2). Let c(g) = -7*g + 319. Let k be c(25). What is the highest common divisor of y and k?
18
Let y = -1385 + 1988. Calculate the greatest common divisor of 18 and y.
9
Let w be (-2)/(-5) - (-23)/((-1035)/(-7902)). What is the highest common factor of w and 77?
11
Let u(h) = -h**3 - h**2 - h - 72. Let k be u(0). Let m = 111 + k. What is the highest common factor of 26 and m?
13
Let c be (-99)/(-21) - ((-20)/14)/5. Let o(h) = -h**3 + 5*h**2 + h + 4. Let p be o(c). Calculate the greatest common divisor of p and 72.
9
Let x be 7*(528/4)/6. Calculate the highest common factor of 42 and x.
14
Let z = -310 - -320. Suppose -r = -4*r + 2*d + 36, -4*d = 4*r - 28. What is the highest common divisor of r and z?
10
Suppose 3*p - 1030 = -922. Calculate the greatest common divisor of 198 and p.
18
Let g = 75 + 114. Calculate the greatest common factor of g and 21.
21
Let l = 264 - 235. Calculate the highest common factor of 58 and l.
29
Suppose -4*a = -5*l + 1558, a = 28*l - 29*l + 308. What is the highest common factor of l and 10?
10
Let o be (14/(-8))/((-2)/8). Let s be (-138)/(-20) + 14/140. Calculate the highest common factor of o and s.
7
Let r be (-22)/(-5 + 65/15). Suppose 2 = 2*z, -5*z = 2*q + 2*q - r. What is the highest common factor of q and 21?
7
Suppose -4*q + 9*q - 466 = -3*s, -3*q = -4*s - 268. Let r = -41 + q. What is the highest common divisor of r and 17?
17
Let k(b) = b**3 - 3*b**2 - 3*b - 9. Let m be k(4). Let y be ((-2)/(-10))/((-1)/m). What is the greatest common factor of 3 and y?
1
Let y = 92 + 8. Suppose -y = -3*r + b + b, -3*r + 116 = 2*b. What is the greatest common factor of r and 4?
4
Suppose -i + 6 = 9*l - 4*l, -2*i - 5*l = 3. Let h = 9 - i. Suppose -h - 22 = -5*s. Calculate the greatest common divisor of s and 80.
8
Suppose t - 5*l - 12 = -0*t, -10 = 5*l. Suppose -5*p + 48 = -t*v, 6*v - 2*v = 4*p - 36. Calculate the greatest common factor of 50 and p.
10
Suppose -5*x + 2*h + 6 = 0, 0 = -4*x - 3*h - 5 + 19. Let g be (24/(-3))/(-4) - x. Suppose -5*l + 10*l - 65 = g. What is the greatest common factor of l and 52?
13
Let w = -954 + 1010. What is the greatest common divisor of 896 and w?
56
Let w be (7 - 51)*(-2)/4. What is the highest common divisor of w and 1067?
11
Let o be (-2 - 19/(-2))/(12/48). Let c = 63 + 207. What is the highest common divisor of o and c?
30
Suppose -10 = -2*q + 46. Let v be ((-68)/(-10) - 4)/(1/5). What is the highest common divisor of v and q?
14
Let c be ((-34)/(-4) - 8) + 70/4. What is the greatest common factor of c and 297?
9
Let a = -556 + 572. Calculate the greatest common factor of 208 and a.
16
Suppose 0 = 2*x + 6, 0*r - x = 5*r - 3957. Calculate the greatest common divisor of r and 6.
6
Suppose 0 = v - 4*b - 356, -3*b = v + 55 - 376. Let k = 107 + -59. What is the greatest common divisor of v and k?
48
Let v = 17 - 216. Let m = 87 + v. Let x = m + 157. What is the greatest common factor of 5 and x?
5
Suppose 2*h - 14 = -3*f, 0 = 3*h - 0*f - 4*f - 55. Let n(d) = -48*d - 158. Let p be n(-6). What is the greatest common divisor of p and h?
13
Let n(o) = -3*o + 148. Let v be n(20). Calculate the greatest common divisor of v and 66.
22
Let u(t) = t**3 - 9*t**2 - 9*t - 3. Let y be u(10). What is the highest common factor of y and 553?
7
Suppose 3*x = 5*w + 85, -2*x + 25 = w - 23. What is the highest common divisor of 4 and x?
1
Let j = 230 + -151. Let g = j + -78. What is the greatest common factor of g and 1?
1
Suppose -11*y = -5*x - 12*y + 1231, 2*x + 3*y - 482 = 0. What is the greatest common divisor of x and 19?
19
Suppose -3*s + 7 = 1. Suppose 20 = -i + 2*i + 5*g, -2*i + s*g = -64. Suppose -z = 296 - 306. What is the greatest common divisor of z and i?
10
Let c = 5 + -3. Suppose -6 = -c*r + 26. Let x be 440/4 - 3*(-2)/3. What is the highest common factor of x and r?
16
Let z(h) = 2*h**2 + 2*h - 54. Let f be z(7). What is the greatest common factor of 754 and f?
58
Let a(x) = 18*x**3 - x**2 - x + 1. Let l = -10 + 11. Let d be a(l). Calculate the greatest common factor of d and 119.
17
Let w be -1 - (5 - 9)/4. Suppose w = 5*g + p - 6*p - 175, 4*g - p = 149. What is the greatest common divisor of g and 57?
19
Let s(g) = 2*g**3 + 6*g**2 - g + 18. Let r be s(4). Calculate the highest common factor of 126 and r.
14
Suppose a + a = -6*a. Suppose a = -7*r + 58 + 12. What is the highest common factor of r and 4?
2
Let s(c) = -c - 2. Let p(y) = 7*y + 65. Let q(m) = p(m) + 4*s(m). Let r be q(17). Suppose -24 = -0*l - 2*l. What is the highest common divisor of l and r?
12
Suppose -4*q + 5*n = -0*n - 21, 4*q - 4*n - 20 = 0. Let c be (q/6 - -2)*(-63)/(-12). What is the greatest common divisor of c and 154?
14
Let h(g) = 2*g + 48. Let t be h(-9). Suppose -15*i + t = -14*i. What is the highest common factor of 10 and i?
10
Let w = -92 + 163. Let j = -48 + w. Calculate the greatest common divisor of j and 92.
23
Suppose -251*n + 237*n = -196. Calculate the greatest common factor of n and 14.
14
Suppose 3*k + 8 = 26. Let j be ((-9)/k)/(2/(-28)). Let t = j + -11. What is the greatest common divisor of 20 and t?
10
Let p = 0 + 7. Suppose 2*l - p = -3. Suppose 3*w + 4*s - 78 = 0, 4*w = l*w + 3*s + 69. What is the greatest common divisor of 12 and w?
6
Let f = 219 + -204. What is the highest common factor of 150 and f?
15
Let m(g) = -g**3 + 19*g**2 - 34*g + 6. Let h be m(17). Let z(r) = -r**3 + 6*r**2 + r + 4. Let q be z(h). What is the greatest common factor of 250 and q?
10
Suppose -25*a = -24*a - 91. What is the greatest common divisor of a and 104?
13
Suppose 3*k - 4 - 8 = 0. Let v(o) = -8 + 15201*o + 1 - 15197*o. Let b be v(k). What is the greatest common factor of 99 and b?
9
Suppose -2*m = -0 - 4. Suppose 4*q = -c + 11, 3*q - m*c = 3*c - 9. Let j be (16/(-24))/(q/(-51)). Calculate the greatest common factor of j and 136.
17
Let g be (77/33)/(8/240). What is the greatest common divisor of g and 3010?
70
Let r be (18/(-3))/((-2)/11). Suppose -5*f + 6*o = 3*o - 24, -f + o + 6 = 0. Calculate the highest common factor of r and f.
3
Let r = 7 + 5. Suppose -3*a + r = -a. Suppose n - a*n + 70 = 0. What is the highest common divisor of 154